 v*i - 28 = 0. List the prime factors of p.
2
Let h = 306 + -81. List the prime factors of h.
3, 5
Let l(r) be the third derivative of -13/60*r**5 + 0 - 1/120*r**6 + 0*r - 3*r**2 + 7/2*r**3 + 5/8*r**4. List the prime factors of l(-14).
7
Suppose -3*n - 3*f + 111 = 0, 3*n - 5*f + 1 = 144. Let d = -22 + n. List the prime factors of d.
19
Suppose -4 = -2*s + 5*l - 3, -5*s = 4*l + 14. Let b be s/((-6)/39)*1. Suppose 2*j - 27 = 3*m + b, -3*j + 4*m = -60. List the prime factors of j.
2, 5
Let c(g) = g. Let b = 6 - 6. Let d be c(b). Suppose d = -z + 3*x + 2*x + 33, -4*x - 20 = 0. What are the prime factors of z?
2
Let b(g) = -g + 5. Let w be b(-4). Let c be 2/6 - 3/w. Suppose c = o - 11. List the prime factors of o.
11
Let y = -7 + 6. Let f(g) = 10*g**2 - g - 1. List the prime factors of f(y).
2, 5
What are the prime factors of (-3 - -4)/((-3)/(-1 + -155))?
2, 13
Suppose 2*u - 1 = 31. Suppose u = -c - c. Let k(r) = -2*r - 10. What are the prime factors of k(c)?
2, 3
Let n(t) = -t - 13. Let u be n(-7). Let b be 10/(-15) + 8/u. List the prime factors of (2/(-5))/(b/30).
2, 3
Suppose -3*u + 585 = 5*g, -4*g - 2*u + 585 = g. List the prime factors of g.
3, 13
Let y(p) be the second derivative of -2*p**3/3 - 3*p**2/2 - 2*p. Suppose -l + 14 = -3*z, 32 = -4*z + 3*l + l. What are the prime factors of y(z)?
3
Let h = -26 - -24. Let v = -6 - -15. Let z = h + v. List the prime factors of z.
7
Let z = -30 + 141. What are the prime factors of z?
3, 37
Suppose 0*f - 4*f = -32. Suppose -f = -3*s + 1. Suppose 10 = -s*z + 34. List the prime factors of z.
2
Let i(w) = -w**3 - 5*w**2 + w + 4. Let y be i(-4). Let j = -10 - y. List the prime factors of j.
2, 3
Suppose -2*w = -6*w + 16. Suppose 0*c + 5*c - 30 = 5*l, w*c = l + 21. What are the prime factors of 11*1 - (l + 0)?
2, 3
Let o(m) = 2*m**2 + 3*m - 9. What are the prime factors of o(7)?
2, 5, 11
Suppose 3*b + 18 = 105. What are the prime factors of b?
29
Let b(z) = z**3 + 6*z**2 - 8*z - 5. Let y be b(-5). Let a = y + -36. Let c = -13 + a. What are the prime factors of c?
11
Suppose -2*b - 4*j + 13 = -357, 3*b - 5*j - 555 = 0. List the prime factors of b.
5, 37
Suppose -3*s = 2*s. Let i(t) = t**3 + t**2 + t + 5. What are the prime factors of i(s)?
5
Let t(w) = w**3 + 5*w**2 - 8*w + 5. What are the prime factors of t(-6)?
17
Let s(q) be the first derivative of 13*q**3/3 + q - 4. List the prime factors of s(-1).
2, 7
Suppose -v + 4 = 1. Suppose -j = 4*f + 14, -4*f - f - 43 = -v*j. List the prime factors of j.
2, 3
Let j = -134 - -207. What are the prime factors of j?
73
Let v(x) = -2*x - 4. Let k(y) = -9*y - 17. Let h(p) = 6*k(p) - 26*v(p). What are the prime factors of h(-3)?
2
Let o(z) = 7*z + 10. What are the prime factors of o(6)?
2, 13
Let c(m) = m + 2. Let p be c(3). Suppose -p*x + 5*q = -5, 0*x - 5*x - q + 17 = 0. Suppose x*r = 6*r - 18. What are the prime factors of r?
2, 3
Suppose -5*t + 6*t = 0. Suppose -2*d + 70 - 24 = t. What are the prime factors of d?
23
Let o(p) = 2*p**2 - 3*p - 1. Let t(g) = -g**2 + 7*g + 12. Let b be t(8). List the prime factors of o(b).
19
Suppose -4*w = -w - 18. What are the prime factors of w + (3 - 7) - -31?
3, 11
Suppose -2*x = -4*f + 1 + 7, f + 3*x = 2. Suppose -f = 3*h - 8. What are the prime factors of h?
2
Suppose 3*m + 8 + 4 = 0. Let w(x) = -x**3 - 4*x**2 - 2*x - 1. What are the prime factors of w(m)?
7
Let p = -39 + 48. List the prime factors of p.
3
Suppose n = 4*b + 14, -n + 0*b = -b - 5. Suppose 0 = 2*w - 4*t, -w - w + n = -3*t. Let v = w + -2. List the prime factors of v.
2
Let j be 0 - -2 - (-2 + 3). Let f = j - -8. List the prime factors of (-42)/(-9) + 3/f.
5
Let a = 6 - -2. What are the prime factors of a?
2
What are the prime factors of (-1 - (-9)/7) + (-19406)/(-434)?
3, 5
Let y = 14 + -13. Let g(f) = 8*f. List the prime factors of g(y).
2
Let m(o) = -o**3 - 4*o**2 + 3*o - 6. Suppose -4*p + 4*a - 52 = 0, 2*p + 15 = 5*a - 23. Let c = p - -4. List the prime factors of m(c).
2
Suppose 228 = 39*b - 37*b. Suppose 2*s - 4*v = b, 0 = -2*s + v + 111 - 6. List the prime factors of s.
3, 17
Suppose -5*z + 15 - 5 = 0. Suppose -21 = -z*w + 25. List the prime factors of w.
23
What are the prime factors of (4/(-12))/((-5)/210)?
2, 7
Let y(f) = -f**2 - 20*f - 9. List the prime factors of y(-15).
2, 3, 11
Let t(v) = v - 8. Let a be t(9). What are the prime factors of a*14/(8/4)?
7
Suppose -4*r - 4 = 0, -2*c - 3*c - 4*r = -1. Let k be (c - 1)/(-1) + 60. Suppose k = -0*l + 5*l. What are the prime factors of l?
2, 3
Let a(q) = -q**3 + 21*q**2 - 20*q + 23. Let p be a(20). Let m(z) = 11*z + 1. Let j be m(-1). Let g = j + p. List the prime factors of g.
13
Let f(y) = y**3 + 4*y**2. Let j be f(-3). Let g(i) = -i**3 + 5*i**2 + 5*i + 5. Let t be g(6). Let q = t + j. List the prime factors of q.
2
Suppose -o + 4*s + 21 = 9*s, 0 = -4*o + s. Suppose -5*p + y = -35, o = -4*p - 5*y - 0. What are the prime factors of p?
2, 3
Let w(r) = 2*r + 4. Let u be w(3). Let o be (-7)/(-5) + (-4)/u. Suppose -5*g + o = -19, -18 = -i - 2*g. List the prime factors of i.
2, 5
Suppose -6*q + 4*q = -12. Let w be (0 - (-9)/q)*2. Let g = w - -1. What are the prime factors of g?
2
What are the prime factors of 2/(-4)*(7 + -201)?
97
Let y(b) be the third derivative of b**4/24 + 2*b**3 - 6*b**2. What are the prime factors of y(5)?
17
Let b(p) = -5*p**3 - 7*p**2 - 3*p + 7. Let u(y) = y**3. Let n(o) = b(o) + 6*u(o). List the prime factors of n(8).
47
Let w(u) = u**3 - 3*u**2 + 2*u. Suppose -v + 0*v = -4*y + 10, 3*y = 5*v - 1. What are the prime factors of w(y)?
2, 3
Suppose x - 3 = 4*x. Let v(w) = -2 + 4 + 3*w**2 - 3. List the prime factors of v(x).
2
Suppose 7*g - 573 = 925. What are the prime factors of g?
2, 107
List the prime factors of -1 + 0 - 504/(-24).
2, 5
Let z = 4 - 1. Suppose 3*d = -2*r - 17 + 44, r - 21 = -z*d. List the prime factors of r.
2, 3
What are the prime factors of (-186)/2*(1 - 2)?
3, 31
Suppose 0 = -t + v + v - 3, t - v = 0. Let n be (4/10)/((-1)/(-25)). Let x = n - t. List the prime factors of x.
7
Let a(y) = -9*y + 1. Suppose -2*b = -4*b - 2. List the prime factors of a(b).
2, 5
What are the prime factors of (-2)/13 + (-4815)/(-117)?
41
Let x be ((-6)/2 - -3) + 2. What are the prime factors of (x/9)/((-8)/(-72))?
2
Let j(b) = b**2 + 7*b - 1. Let x be j(-8). Suppose -1 = 3*a - x. What are the prime factors of a?
2
Let v = 184 - 102. List the prime factors of v.
2, 41
Let u(s) = -27*s - 4. List the prime factors of u(-3).
7, 11
Suppose 4*b - 97 = -b + 4*n, n = -3. Suppose -3*x = -b - 46. What are the prime factors of x?
3, 7
Let f = 34 + 5. Let t = -3 + f. Suppose 19 + t = 5*p. List the prime factors of p.
11
Let v(h) = h**3 - 31*h**2 + 4*h - 9. What are the prime factors of v(31)?
5, 23
Let k(c) = -c**3 - 16*c**2 + 47*c + 19. List the prime factors of k(-19).
11, 19
Suppose 0 = -o + 4*c - 4, 5*o + 23 = 3*o + 3*c. Suppose 2*y - 36 = -3*k + 35, -3*y - 66 = -3*k. Let w = o + k. List the prime factors of w.
7
Let z(g) = 2*g**2 + g**2 + g**3 + 0*g + g. Let u(c) = -c + 6. Let s be u(8). List the prime factors of z(s).
2
Let r = 6 + -10. Let o be -1 - -3 - (r - -4). Suppose -o*d + 10 + 4 = 0. List the prime factors of d.
7
Let g = -46 - -82. What are the prime factors of g?
2, 3
Let t(c) be the second derivative of -c**3/2 - c**2/2 - 5*c. List the prime factors of t(-7).
2, 5
Suppose -7*o = -6*o + 6. Let a(c) = 0*c**2 + c - 5 + c**2 + 3*c. What are the prime factors of a(o)?
7
Suppose 7*w - 4*w = -51. Let f = w - -43. What are the prime factors of f?
2, 13
Suppose 10*i - 3250 = -0*i. List the prime factors of i.
5, 13
Suppose -q + 22 = -8. Suppose 0 = -7*y + 4*y + q. What are the prime factors of y?
2, 5
What are the prime factors of 0 - -22 - (0 + 3)?
19
Suppose -3*n = 4*y - 174, 2*n - 7*y = -3*y + 96. Suppose -d + n = d. List the prime factors of d.
3
List the prime factors of 6/(-2)*((-10)/(-3) + -4).
2
Let c be (-1)/(1 + (-16)/12). Suppose 79 + 20 = c*q. What are the prime factors of q?
3, 11
Suppose 4*t - 4 - 8 = 0. Suppose 9 = t*k - 12. Let g = k + -5. List the prime factors of g.
2
Let t(d) = d**2 + 5*d. Let v be (1 - 1)/3 + -6. Let f be t(v). Suppose -5*s + f + 4 = 0. List the prime factors of s.
2
Let m = 7 + 9. Suppose 0 = 14*o - m*o + 68. What are the prime factors of o?
2, 17
Let a(r) 